20. Let g be d(-4). Suppose 3*i - 52 - 20 = 0. Calculate the greatest common factor of g and i.
24
Suppose 7*j + 11*j - 36 = 0. Suppose -3*f - 200 = -4*m, -m + j*f + 24 + 26 = 0. Calculate the highest common factor of m and 50.
50
Let k(l) = -l**3 + 52*l**2 - 59*l + 422. Let y be k(51). Calculate the greatest common factor of 3535 and y.
7
Let d(n) = -n**2 + 15*n + 76. Let r be ((-17)/2)/(32/(-64)). Let k be d(r). What is the highest common factor of 70 and k?
14
Let c(u) = 14*u**2 + 5 + 13*u**2 - 7 + u. Let v = 74 + -73. Let b be c(v). What is the highest common divisor of 65 and b?
13
Suppose 0 = -7*k - 27 + 19 + 155. Suppose 3*b - 2326 + 616 = -3*z, 4*b + 555 = z. What is the highest common divisor of z and k?
21
Let d(k) = k**2 - 59*k - 2774. Let r be d(90). Calculate the highest common divisor of 4552 and r.
8
Let t be (-425)/(-15) - (-12)/(-9). Let g(a) = -1046*a + 6447. Let v be g(6). What is the highest common divisor of v and t?
9
Let v be (-26)/(13/2 - 6). Let y = 76 + v. What is the highest common factor of 54 and y?
6
Let h(t) be the first derivative of t**4/4 + 40*t**3/3 - 22*t**2 + 45*t - 142. Let m be h(-41). What is the highest common factor of 120 and m?
24
Let g = 133 - 106. Suppose 0*i - m = -5*i + g, 3*i - 5*m - 3 = 0. Suppose -5*s - 150 = -10*s. What is the greatest common factor of s and i?
6
Let a be ((-28)/56)/(1/(-8)). Suppose 9*t + a - 13 = 0. Suppose t + 899 = 5*c. Calculate the highest common factor of 12 and c.
12
Let o = -171892 + 172008. Let s be 120/2 + -1 + -1. What is the greatest common factor of o and s?
58
Let g = -11 + 6. Let w be (1/g)/((-15)/975). Calculate the highest common factor of 325 and w.
13
Suppose -137 = 16*h + 647. Let j(y) = 2*y**2 + 101*y + 163. Let b be j(h). Suppose -3*s = -740 + 116. What is the greatest common factor of s and b?
16
Let p be (92/299)/(1*12/78). What is the greatest common factor of 1346 and p?
2
Let l(v) = -2*v**2 - 4*v + 2. Let h be l(0). Let a be h + (-15)/((-120)/352). Calculate the greatest common factor of a and 1242.
46
Let a = 7 + 4. Suppose -153 = -7*l - 139. Suppose -60 = -3*i + l*z, -37*z = -3*i - 40*z + 75. What is the greatest common factor of a and i?
11
Let n(d) = 2*d - 5. Let y be n(11). Let l(a) = -a + 30. Let k be l(13). Calculate the highest common factor of y and k.
17
Suppose -50 = 5*g, 1832*a - 3*g = 1835*a - 402. Suppose 36 = -4*m + 8*m. Calculate the greatest common divisor of a and m.
9
Let k = 11967 - 11908. Suppose -3*b + 6*b = 354. What is the highest common divisor of k and b?
59
Let o = 77 + -59. Suppose 3*y + 42 = 7*y + 2*r, 0 = y - r - o. Suppose 4*g - 705 = 127. What is the greatest common factor of y and g?
13
Let x = -93 - -131. Suppose -125*o + 137*o - 456 = 0. What is the greatest common divisor of x and o?
38
Let b be ((-3 - -5) + -3)*-12. Suppose -9*a + b*a - 6 = 0. Suppose 2*v + a*v = s - 23, 0 = s - v - 14. What is the highest common factor of 143 and s?
11
Suppose 0 = 5*p + 10. Let o(h) = 5*h + 10. Let d be o(p). Let y be 3 - (d + -3 + -71). What is the highest common factor of y and 7?
7
Let n = -61 - -69. Suppose -v + n*v = 1001. Suppose -12*g + g + v = 0. What is the highest common factor of g and 117?
13
Suppose 2*j - 5 = -3*y, 3*y = -8*j + 9*j - 16. Suppose 258 = 3*b + 3*i, j*b - 11*b = -2*i - 332. Calculate the highest common factor of b and 924.
84
Let k be (0 + 12)/((-91)/(-14) + -5). Let z be -10*(-3)/6 + k + 9. What is the greatest common factor of 176 and z?
22
Suppose -j + 6*j - 150 = 0. Let f(t) = 14*t**3 - 5*t**2 + 10*t - 16. Let k be f(2). Calculate the highest common factor of j and k.
6
Let n be 4 + 3/(-1) + 1. Suppose -38*a - n = -39*a. Suppose 2*t = a*h + 26, -t + 33 = -0*h - 5*h. Calculate the greatest common factor of 2 and t.
2
Let u = -58 - -66. Suppose -5*a - 7*j = -u*j - 454, -3*a + 277 = 4*j. Let f = -5 + a. What is the highest common divisor of 43 and f?
43
Suppose 0*z - 5*j = -3*z - 193, 3*z + 4*j = -229. Let d = z - -76. Suppose d*r + r = 18. Calculate the greatest common divisor of r and 2.
1
Let x(u) = 215*u - 2753. Let t be x(13). Suppose 0 = -0*w - 3*w + 462. Calculate the greatest common factor of w and t.
14
Let d(g) = 12*g**2 + 5*g - 3. Let u be d(4). Let b = u + -120. Suppose 2*f - 236 = -4*m, -b = -f - m + 25. What is the highest common factor of 10 and f?
10
Suppose 1206*z - 1211*z + 20608 = -4*o, 20617 = 5*z - o. What is the greatest common factor of z and 4?
4
Let w(d) = d**3 - 12*d**2 + 16. Let r be w(12). Let p be (-104)/(-104) - (-269 + -2 - 0). Calculate the greatest common factor of p and r.
16
Suppose -6*u = -8475 - 5007. Calculate the greatest common factor of u and 21.
21
Let x = -20908 + 21920. What is the highest common factor of x and 220?
44
Let n(w) = -162*w - 1458. Let r be n(-11). Calculate the highest common divisor of r and 558.
18
Let q be ((-81)/(-9) - 15)/(1*-1). Let a be q*(155/90 - (-6)/(-27)). What is the highest common factor of 369 and a?
9
Suppose 1168*x + 771 = 1153*x + 4446. What is the highest common factor of x and 125?
5
Let a(z) = 2*z**2 - 51*z + 113. Let w be a(25). Calculate the greatest common factor of 154 and w.
22
Let q = -600 - -1383. Let m be 14/(-161) - 1869/(-69). Calculate the greatest common divisor of q and m.
27
Let u = -80 - -134. Suppose -4*t = -10 - u. Suppose -79 = 17*n - 147. What is the highest common factor of t and n?
4
Suppose 4*z = -4*m + 4160, 4*z - 134 = 3*m - 3233. Calculate the highest common factor of 68 and m.
17
Let i be (-2 + 86)*-1*(0 + -1). Suppose -618 - i = -6*y. What is the greatest common factor of y and 18?
9
Let j(t) = 31*t + 3459. Let u be j(68). Calculate the greatest common factor of u and 19.
19
Let q(m) = m**3 - 19*m**2 + 23*m - 19. Let b be q(18). Suppose s - b = -64. Calculate the greatest common factor of s and 175.
7
Let o = -4001 - -4229. What is the greatest common factor of 648 and o?
12
Let r(l) be the first derivative of l**3/3 + 5*l**2/2 + 19*l + 45. Let o be r(-7). What is the highest common factor of o and 66?
33
Let b(s) = -55*s + 884. Let z be b(14). What is the highest common factor of 456 and z?
114
Suppose 4*x - 27 = -3*d - 10, 0 = 2*d - 6. Let y = 96 + -91. Suppose -3*r + 2*z + 0*z = -24, y*z = x*r - 27. Calculate the greatest common divisor of r and 18.
6
Suppose m - 11*m = -100. Suppose 2*w - 6*w = 2*t - m, 5*t - 3*w - 90 = 0. Let g be (21/t)/((-5)/(-75)). What is the greatest common factor of g and 9?
3
Let t = 11100 - 4500. Calculate the greatest common factor of t and 165.
165
Suppose 12*g = 9*g + 492. Let v = g - 116. What is the highest common factor of v and 3?
3
Let a(o) = 4 + 4 + 2 + 16*o - 3*o. Let c be a(-9). Let b = c - -152. What is the greatest common divisor of b and 9?
9
Suppose 3*n + 0*n - 375 = 0. Suppose 3*c - 52 = -43. Let p(z) = 10*z - 5. Let m be p(c). Calculate the greatest common factor of n and m.
25
Let i(z) = -z - 5. Let m be i(0). Let r be (-1792)/(-35) + 1/m. Suppose 183*t = 129*t + 619 + 2135. What is the highest common factor of r and t?
51
Let y(c) = -3*c**2 - 97*c - 52. Let v be y(-32). Let z be 576/v*1/(-2)*10. Calculate the highest common factor of 27 and z.
9
Let z(a) = -a**2 - 16*a + 29. Let l = 6 + -21. Let n be z(l). Suppose n = 15*w - 46. What is the highest common divisor of 6 and w?
6
Suppose -14*y + 3348 + 9000 = 0. What is the highest common factor of 90 and y?
18
Suppose 6*j - 17*j = 6*j - 2176. Calculate the highest common divisor of j and 2224.
16
Let r = -51 + 54. Suppose -r*k = 5*f - 18, -f - 10 = -3*f - 4*k. Suppose -s = -5*z - 30, 1 + 8 = -f*z. Calculate the highest common factor of s and 195.
15
Suppose -6724 = -5*r + 9*r. Let h be -7 - (-336)/49 - r/7. What is the greatest common divisor of h and 12?
12
Suppose 2*m - 711 = m. Let r(a) = 2*a**2 + 1227*a - 7355. Let p be r(6). Calculate the highest common factor of m and p.
79
Suppose 4*t + 478 = 2*p, 109 - 603 = -2*p - 4*t. Suppose -7*m - 373 + 1857 = 0. Suppose m = 6*r + 50. What is the greatest common factor of r and p?
27
Suppose 3*z - 5*v = 155, -2*v + 55 + 75 = 2*z. Let b = 6925 + -6885. Calculate the greatest common divisor of b and z.
20
Let a(f) = -269*f + 1512. Let n be a(0). Calculate the greatest common divisor of n and 27.
27
Suppose 69*s - 1635 + 531 = 0. What is the highest com